)?
5
Let l(w) = -w**3 + w**2 + 21*w - 37. Determine l(2).
1
Let z(d) = -27*d - 61. Determine z(-1).
-34
Let n(p) = 3*p**2 + 85*p + 113. Calculate n(-27).
5
Let k(b) = 2*b**3 - 21*b**2 - 136*b + 14. What is k(15)?
-1
Let h(b) = b**3 - 73*b**2 - 155*b + 382. Determine h(75).
7
Let f(y) = 2*y**3 + 32*y**2 + 38*y + 139. What is f(-15)?
19
Let o(g) = -g**3 + 7*g**2 + 61*g - 5. Give o(12).
7
Let a(x) = 12*x - 1. Give a(-2).
-25
Let q(o) = -75*o - 1157. Calculate q(-15).
-32
Let r(h) = -h**3 + 20*h**2 + 213*h - 2209. Determine r(25).
-9
Let m(h) = -897*h + 27802. Determine m(31).
-5
Let c(k) = -5*k**2 - 213*k + 694. Give c(-46).
-88
Let c(k) = -11*k**2 - 203*k - 621. Calculate c(-3).
-111
Let m(k) = 16*k + 106. Give m(-9).
-38
Let a(p) = -333*p - 1675. Determine a(-5).
-10
Let b(s) = -204*s**2 + 2*s + 2. Determine b(0).
2
Let g(x) = x**3 + 10*x**2 + 3*x + 23. Calculate g(-12).
-301
Let f(d) = d**2 - 115*d + 1775. Determine f(19).
-49
Let d(h) = h**2 + 1325*h + 14502. Calculate d(-11).
48
Let n(w) = -15*w - 322. Give n(-26).
68
Let b(v) = -9*v**2 + 35*v + 196. Determine b(-9).
-848
Let r(v) = -211*v - 1226. Calculate r(-7).
251
Let k(p) = -p**3 + 45*p**2 - 350*p + 74. Give k(10).
74
Let c(s) = 21*s + 29. Calculate c(-4).
-55
Let o(c) = -15*c**2 + 132*c - 399. What is o(3)?
-138
Let w(m) = -m**3 + 5*m**2 + 56*m - 11. Calculate w(-6).
49
Let b(x) = -6*x + 47. Give b(22).
-85
Let m(d) = -113*d - 1471. Calculate m(-13).
-2
Let n(z) = 3*z**2 + 77*z - 699. Determine n(7).
-13
Let b(n) = n**3 + 31*n**2 + 198*n + 75. Calculate b(-22).
75
Let a(w) = 62*w - 3049. Calculate a(53).
237
Let z(v) = -3*v - 149. Give z(-27).
-68
Let x(p) = -p**3 + 29*p**2 + 68*p + 20. Calculate x(31).
206
Let k(v) = v**2 + 34*v - 576. Give k(12).
-24
Let f(v) = 73*v**2 - 194*v + 1. Calculate f(3).
76
Let d(r) = -r**3 - 12*r**2 - 69*r - 378. What is d(-9)?
0
Let b(c) = 140*c - 162. What is b(1)?
-22
Let y(h) = -4*h + 174. What is y(17)?
106
Let x(n) = 14*n**2 - 24*n + 12. What is x(4)?
140
Let c(p) = -217*p**2 + p + 1. Determine c(0).
1
Let h(r) = -25*r**2 + 219*r - 171. Calculate h(8).
-19
Let b(i) = -i**3 - 4*i**2 + 40*i + 22. Give b(-10).
222
Let r(a) = -483*a - 3390. Give r(-7).
-9
Let p(n) = 31*n - 98. Determine p(-5).
-253
Let h(o) = -o**3 - 14*o**2 + 26*o - 87. Calculate h(-16).
9
Let o(r) = 9*r**3 - 156*r**2 + 55*r - 110. What is o(17)?
-42
Let t(r) = 7*r**2 + 76*r + 53. Calculate t(-10).
-7
Let u(x) = -23*x**2 - 488*x + 1670. Calculate u(3).
-1
Let s(x) = 36*x + 594. Determine s(-15).
54
Let k(r) = -r**2 + 15*r + 210. What is k(33)?
-384
Let s(w) = -4*w**3 - 5*w**2 + 24*w - 18. Calculate s(5).
-523
Let y(h) = -5*h**2 - 52*h - 157. Determine y(-3).
-46
Let l(k) = -262*k + 2405. Calculate l(9).
47
Let j(c) = -33*c - 2879. Calculate j(-88).
25
Let j(d) = -d**3 + 3*d**2 + 6*d + 195. What is j(6)?
123
Let p(g) = g**3 - 9*g**2 + 5*g - 12. Give p(8).
-36
Let z(f) = -22*f + 641. Determine z(27).
47
Let x(j) = 1903*j - 87531. What is x(46)?
7
Let d(y) = y**2 + 32*y + 48. Determine d(-31).
17
Let u(a) = -21*a**2 + 1700*a - 7. Determine u(81).
-88
Let c(l) = 448*l + 7. Calculate c(0).
7
Let z(m) = 368*m - 2210. Calculate z(6).
-2
Let b(f) = 239*f + 14619. Determine b(-61).
40
Let m(g) = -g**3 - 12*g**2 + 639*g + 7145. Give m(-11).
-5
Let i(g) = 7*g**2 - 58*g + 26. Give i(8).
10
Let d(v) = v**3 - 2*v**2 - 8*v + 65. Calculate d(-4).
1
Let d(l) = -l**3 + 65*l**2 - 126*l - 83. Determine d(63).
-83
Let v(u) = u**3 - 67*u**2 - 81*u + 733. What is v(68)?
-151
Let l(z) = -z**3 - 82*z**2 - 1637*z - 26. Give l(-48).
214
Let u(l) = l - 59. What is u(-6)?
-65
Let u(z) = -z**2 + 299*z + 5373. What is u(-17)?
1
Let m(q) = -4*q**2 + 441*q + 442. Determine m(-1).
-3
Let t(r) = 17*r**3 - 172*r**2 + 16*r + 34. Give t(10).
-6
Let k(l) = 4*l**3 - 3*l**2 + 22*l - 37. Give k(3).
110
Let s(l) = 5*l**2 + 94*l + 393. Give s(-13).
16
Let w(x) = -x**3 + 7*x**2 - 422*x + 1679. Give w(4).
39
Let c(g) = -g**2 - 3373*g - 20194. Determine c(-6).
8
Let d(r) = -23*r**2 + 121*r + 104. Calculate d(6).
2
Let h(a) = a**2 - 81*a - 3916. Calculate h(-34).
-6
Let r(h) = -h**3 + 12*h**2 + 35*h - 1. What is r(14)?
97
Let q(x) = -9*x**2 - 77*x + 192. Calculate q(3).
-120
Let o(j) = -j**3 - 91*j**2 + 188*j + 239. Determine o(-93).
53
Let i(x) = 81*x + 4102. Determine i(-50).
52
Let x(m) = -m**2 - 103*m - 599. Calculate x(-97).
-17
Let d(p) = -p**3 + 50*p**2 + 94*p + 530. Give d(52).
10
Let w(l) = -2*l**3 - 32*l**2 - 111*l - 7. Determine w(-11).
4
Let x(g) = -1306*g + 3918. Determine x(3).
0
Let y(x) = -6*x - 388. Calculate y(-64).
-4
Let v(s) = -s**3 - 9*s**2 - 10*s + 20. Determine v(-4).
-20
Let o(u) = u**3 + 11*u**2 - 236*u - 2714. Give o(-14).
2
Let n(i) = -15*i - 324. Determine n(-19).
-39
Let c(q) = 2*q**3 - 16*q**2 + 17*q - 9. What is c(7)?
12
Let v(o) = o**3 - 2*o**2 - 6*o + 15. Determine v(7).
218
Let l(d) = 9*d**2 - 66*d - 362. What is l(-5)?
193
Let p(z) = 3*z**2 - 43*z - 101. Calculate p(-2).
-3
Let z(p) = 16*p - 131. What is z(14)?
93
Let g(v) = 417*v - 3900. Determine g(9).
-147
Let f(c) = 118*c + 1059. Give f(-9).
-3
Let u(q) = 10*q**3 + 4*q**2 + 9*q - 10. Give u(3).
323
Let o(g) = -g**3 - 15*g**2 - 59*g - 51. Give o(-9).
-6
Let x(v) = v**3 - 39*v**2 + 65*v - 2558. Determine x(39).
-23
Let u(w) = w**3 - 4*w**2 - 45*w + 133. Give u(3).
-11
Let n(d) = d**3 - 2*d**2 + 4*d - 25. Determine n(-6).
-337
Let u(f) = -f**3 + 68*f**2 - 4*f + 265. Give u(68).
-7
Let z(p) = p**2 - 83*p + 96. Give z(82).
14
Let i(w) = 14*w**2 - 6*w - 26. Determine i(7).
618
Let u(f) = -143*f**3 + 6*f**2 - 17*f + 13. What is u(1)?
-141
Let k(m) = -2*m**3 + 5*m**2 + 58*m + 6. What is k(-5)?
91
Let t(x) = -2*x**3 + 9*x**2 + 299*x - 1475. What is t(5)?
-5
Let s(k) = -233*k + 1578. Give s(7).
-53
Let v(t) = 109*t + 262. What is v(0)?
262
Let y(g) = -g**3 - 59*g**2 - 45*g + 47. Give y(-58).
-707
Let y(c) = -c**3 - 32*c**2 - 61*c - 243. What is y(-30)?
-213
Let a(g) = -51*g + 5042. Calculate a(99).
-7
Let x(j) = 2*j**3 + 6*j**2 + 3*j - 6. Calculate x(-4).
-50
Let n(m) = 674*m - 10102. What is n(15)?
8
Let v(w) = -23*w - 328. Give v(-13).
-29
Let n(f) = 151*f - 1051. Calculate n(7).
6
Let k(i) = i**3 + 4*i**2 + 4*i + 7. Give k(-5).
-38
Let y(x) = -x**3 + 20*x**2 + 25*x - 103. Give y(21).
-19
Let z(g) = -2*g**2 - 18*g - 1. Give z(-8).
15
Let a(g) = 2*g**2 + 39*g + 82. What is a(-2)?
12
Let q(y) = -38*y - 222. Give q(-6).
6
Let c(j) = -50*j**3 + 1949*j**2 + 39*j - 2. Give c(39).
-2
Let z(a) = 2*a**3 + 65*a**2 - 12*a - 1408. Calculate z(-32).
0
Let z(u) = -48*u - 95. Calculate z(-3).
49
Let w(d) = -d**2 + 8*d + 15. Give w(0).
15
Let u(k) = -9*k**2 + 54*k - 14. Calculate u(8).
-158
Let r(n) = -3*n**3 + n**2 - 3*n + 17. Determine r(-4).
237
Let o(k) = 5*k - 70. Determine o(16).
10
Let j(a) = -23*a**2 + 7*a - 44. Determine j(4).
-384
Let j(r) = r**2 - 47*r + 419. Determine j(16).
-77
Let z(s) = 20*s**2 - 289*s + 71. What is z(14)?
-55
Let l(d) = -4*d**2 + 1728*d + 21315. Give l(-12).
3
Let v(d) = -2*d**3 + 51*d**2 + 691. What is v(26)?
15
Let c(j) = -3*j**2 + 244*j - 1641. Determine c(74).
-13
Let i(g) = -g**2 - 30*g + 158. Give i(-31).
127
Let l(b) = -4*b - 117. Calculate l(-14).
-61
Let i(t) = -7*t + 148. What is i(22)?
-6
Let b(p) = -408*p + 2830. Calculate b(7).
-26
Let a(l) = -l**2 + 12*l + 274. What is a(22)?
54
Let g(a) = 152*a - 309. What is g(2)?
-5
Let a(p) = 6*p + 16. Calculate a(50).
316
Let o(z) = -z**3 - 13*z**2 + 21*z + 62. Give o(-14).
-36
Let r(n) = -25*n + 77. What is r(6)?
-73
Let v(m) = m**2 - 825*m - 10875. Give v(-13).
19
Let x(q) = -q**3 - 9*q**2 - 50*q - 321. Give x(-8).
15
Let t(q) = -23*q**3 - 28*q**2 - 32*q. Calculate t(-1).
27
Let r(u) = -7*u**3 - 3*u**2 + 5*u. What is r(2)?
-58
Let f(q) = 3*q**2 - 195*q + 893. What is f(60)?
-7
Let z(k) = 13*k**3 + 5*k**2 - 4. Determine z(-2).
-88
Let b(j) = -j**3 - 21*j**2 - 81*j + 118. Calculate b(-7).
-1
Let a(i) = -i**3 + 18*i**2 - 2*i + 92. Determine a(19).
-307
Let c(k) = -k**2 - 62*k - 265. Determine c(-56).
71
Let j(g) = g**3 + 232*g**2 + 368*g + 85371. What is j(-232)?
-5
Let t(u) = 18*u**2 + 28*u - 24. Determine t(-3).
54
Let m(g) = 2*g**3 + 11*g**2 - 31*g - 41. Determine m(-1).
-1
Let q(s) = 95*s - 8. Calculate q(-4).
-388
Let z(n) = -1252*n + 1228. What is z(1)?
-24
Let o(j) = 4*j**